{"id":46,"date":"2026-03-31T09:56:50","date_gmt":"2026-03-31T09:56:50","guid":{"rendered":"https:\/\/www.biremek.net\/?page_id=46"},"modified":"2026-03-31T09:56:50","modified_gmt":"2026-03-31T09:56:50","slug":"hesap-ve-kisisel-veri-silme-talebi","status":"publish","type":"page","link":"https:\/\/www.biremek.net\/?page_id=46","title":{"rendered":"Hesap ve Ki\u015fisel Veri Silme Talebi"},"content":{"rendered":"\n<p>BirEmek olarak gizlili\u011finize ve ki\u015fisel verilerinizin g\u00fcvenli\u011fine en y\u00fcksek de\u011feri veriyoruz. Uygulamam\u0131z\u0131 kullan\u0131rken olu\u015fturdu\u011funuz hesab\u0131n\u0131z\u0131 ve bu hesaba ba\u011fl\u0131 t\u00fcm ki\u015fisel verilerinizi diledi\u011finiz zaman kal\u0131c\u0131 olarak silme hakk\u0131na sahipsiniz.<\/p>\n\n\n\n<p><strong>Hesab\u0131n\u0131z\u0131 Sildi\u011finizde Neler Olur?<\/strong><\/p>\n\n\n\n<ul class=\"wp-block-list\">\n<li>Kullan\u0131c\u0131 ad\u0131n\u0131z, e-posta adresiniz ve di\u011fer t\u00fcm profil bilgileriniz sistemlerimizden tamamen kald\u0131r\u0131l\u0131r.<\/li>\n\n\n\n<li>Uygulama i\u00e7i aktiviteleriniz, ge\u00e7mi\u015finiz ve taraf\u0131m\u0131zda tutulan di\u011fer verileriniz kal\u0131c\u0131 olarak yok edilir.<\/li>\n\n\n\n<li><strong>\u00d6nemli:<\/strong> Hesap silme i\u015flemi geri al\u0131namaz. \u0130\u015flem tamamland\u0131ktan sonra hesab\u0131n\u0131z\u0131 ve verilerinizi kurtarman\u0131z m\u00fcmk\u00fcn olmayacakt\u0131r.<\/li>\n<\/ul>\n\n\n\n<p>Hesab\u0131n\u0131z\u0131 olu\u015ftururken kulland\u0131\u011f\u0131n\u0131z kay\u0131tl\u0131 e-posta adresinizden bize ula\u015farak silme talebinde bulunabilirsiniz.<\/p>\n\n\n\n<ul class=\"wp-block-list\">\n<li><strong>Al\u0131c\u0131:<\/strong>merhaba@biremek.net<\/li>\n\n\n\n<li><strong>Konu:<\/strong> Hesap ve Veri Silme Talebi<\/li>\n\n\n\n<li><strong>\u0130\u00e7erik:<\/strong> L\u00fctfen e-postan\u0131z\u0131n i\u00e7ine &#8220;BirEmek uygulamas\u0131na kay\u0131tl\u0131 hesab\u0131m\u0131n ve t\u00fcm ki\u015fisel verilerimin sistemlerinizden kal\u0131c\u0131 olarak silinmesini talep ediyorum.&#8221; \u015feklinde k\u0131sa bir not yaz\u0131n.<\/li>\n<\/ul>\n\n\n\n<p>NOT: Uygulamam\u0131za giri\u015f yapt\u0131ktan sonra <strong>Ayarlar > Profilim > Hesab\u0131m\u0131 Sil<\/strong> ad\u0131mlar\u0131n\u0131 izleyerek hesab\u0131n\u0131z\u0131n silinmesini an\u0131nda sa\u011flayabilirsiniz.<\/p>\n\n\n\n<p><strong>\u0130\u015flem S\u00fcreci<\/strong> Talebiniz bize ula\u015ft\u0131\u011f\u0131nda, veri g\u00fcvenli\u011finiz i\u00e7in \u00f6ncelikle hesab\u0131n size ait oldu\u011fu do\u011frulanacakt\u0131r. Do\u011frulama i\u015fleminin ard\u0131ndan hesap silme s\u00fcreciniz ba\u015flat\u0131lacak ve yasal y\u00fck\u00fcml\u00fcl\u00fckler \u00e7er\u00e7evesinde en ge\u00e7 <strong> 30 g\u00fcn<\/strong> i\u00e7erisinde tamamen sonu\u00e7land\u0131r\u0131larak size e-posta ile bilgi verilecektir.<\/p>\n\n\n\n<p><\/p>\n","protected":false},"excerpt":{"rendered":"<p>BirEmek olarak gizlili\u011finize ve ki\u015fisel verilerinizin g\u00fcvenli\u011fine en y\u00fcksek de\u011feri veriyoruz. Uygulamam\u0131z\u0131 kullan\u0131rken olu\u015fturdu\u011funuz hesab\u0131n\u0131z\u0131 ve bu hesaba ba\u011fl\u0131 t\u00fcm ki\u015fisel verilerinizi diledi\u011finiz zaman kal\u0131c\u0131 olarak silme hakk\u0131na sahipsiniz. Hesab\u0131n\u0131z\u0131 Sildi\u011finizde Neler Olur? Hesab\u0131n\u0131z\u0131 olu\u015ftururken kulland\u0131\u011f\u0131n\u0131z kay\u0131tl\u0131 e-posta adresinizden bize ula\u015farak silme talebinde bulunabilirsiniz. NOT: Uygulamam\u0131za giri\u015f yapt\u0131ktan sonra Ayarlar > Profilim > Hesab\u0131m\u0131 Sil [&hellip;]<\/p>\n","protected":false},"author":1,"featured_media":0,"parent":0,"menu_order":0,"comment_status":"closed","ping_status":"closed","template":"","meta":{"footnotes":""},"class_list":["post-46","page","type-page","status-publish","hentry"],"_links":{"self":[{"href":"https:\/\/www.biremek.net\/index.php?rest_route=\/wp\/v2\/pages\/46","targetHints":{"allow":["GET"]}}],"collection":[{"href":"https:\/\/www.biremek.net\/index.php?rest_route=\/wp\/v2\/pages"}],"about":[{"href":"https:\/\/www.biremek.net\/index.php?rest_route=\/wp\/v2\/types\/page"}],"author":[{"embeddable":true,"href":"https:\/\/www.biremek.net\/index.php?rest_route=\/wp\/v2\/users\/1"}],"replies":[{"embeddable":true,"href":"https:\/\/www.biremek.net\/index.php?rest_route=%2Fwp%2Fv2%2Fcomments&post=46"}],"version-history":[{"count":1,"href":"https:\/\/www.biremek.net\/index.php?rest_route=\/wp\/v2\/pages\/46\/revisions"}],"predecessor-version":[{"id":47,"href":"https:\/\/www.biremek.net\/index.php?rest_route=\/wp\/v2\/pages\/46\/revisions\/47"}],"wp:attachment":[{"href":"https:\/\/www.biremek.net\/index.php?rest_route=%2Fwp%2Fv2%2Fmedia&parent=46"}],"curies":[{"name":"wp","href":"https:\/\/api.w.org\/{rel}","templated":true}]}}